t is the tens digit of p(t)?
2
Let z(l) = -240*l + 23. What is the units digit of z(-2)?
3
Suppose 16*f = 11*f + 160. Suppose 2*q = f + 4. What is the units digit of q?
8
Let h(t) = -t**3 - 11*t**2 + 13*t + 15. Let y be h(-12). Suppose y*n + 84 = 5*n. Let u = n + -28. What is the units digit of u?
4
Let t(u) = -u**2 - 11*u - 12. Let b be t(-10). Let p = 6 + b. Suppose -14 = -2*l - s + 36, 7 = l - p*s. What is the tens digit of l?
2
Let z(c) = c**3 - 4*c**2 + 3*c - 5. Let x be z(4). Let q be (1/(-3))/(x/(-84)). Suppose 0 = -q*o + 79 + 9. What is the tens digit of o?
2
Suppose 2*o + 391 = -15. Let d = o - -304. What is the hundreds digit of d?
1
Suppose -o - 4*o + 340 = -5*s, 5*o = -s + 316. Let j = o + -30. What is the tens digit of j?
3
Let g = 44 - 20. Suppose -14 = 4*i + 3*n - 44, 0 = -3*i - 3*n + g. What is the units digit of i?
6
Let c = -12 + 15. Suppose -3*z = 2*l - 7*l + 62, 5*l + c*z = 38. What is the tens digit of l?
1
Let g = 650 + -529. What is the units digit of g?
1
Suppose -3*q + 5*a + 31 = 0, 2*q - 7*q + 5*a + 35 = 0. Let m(t) = 1 + 14*t**q + 16*t**2 - 13*t + 12*t. What is the tens digit of m(1)?
3
Let u(s) = -7*s**3 + 10*s**2 + 11*s - 4. Let m = 17 + -12. Let t(v) = 6*v**3 - 9*v**2 - 10*v + 4. Let a(z) = m*u(z) + 6*t(z). What is the units digit of a(5)?
4
Let a(y) = y**3 + y**2 + y + 44. Let c(i) = 3*i - 6. Let s be c(4). Let w be -1 - 2*(-3)/s. What is the tens digit of a(w)?
4
Let c = -469 - -813. What is the units digit of c?
4
Let z = -92 + 93. What is the tens digit of -38*z*((-6)/3)/2?
3
Let p be (-502)/(((-5)/(-10))/(-1)). Suppose 6*v = p + 166. What is the units digit of v?
5
Suppose 5*l - 366 = -2*x, -5*x - 9*l + 881 = -5*l. What is the units digit of x?
3
What is the hundreds digit of 8613/36 + 8 - (-2)/(-8)?
2
Suppose 5*l - 117 - 53 = 0. What is the units digit of (-7)/(-4)*(-2 + l)?
6
Let c = -589 + 1419. What is the units digit of c?
0
Let q be ((-28)/6)/((-2)/3). Let l(k) = -5*k - 4. Let m be l(q). What is the units digit of m/(-12) - 2/8?
3
Let m be -1 + (1 - -2) + 18 + -15. Let f(y) = -7*y. Let c be f(-6). Suppose -228 = -m*h + c. What is the units digit of h?
4
Suppose -5*k - 30 = -8*k. Suppose 0 = k*w - 11*w. Suppose 0 = -f + 5*i + 55, 2*f + w*i + i - 165 = 0. What is the units digit of f?
0
What is the hundreds digit of (49 + -107)/(1/(-2))?
1
Suppose 0 = -7*k + 21 + 21. Suppose 0 = -3*y + 4*c + 309, k*y - 2*y - 399 = c. What is the units digit of y?
9
Let h be 23/1 + (5 - 2). Suppose f = h + 3. Let z = -16 + f. What is the units digit of z?
3
Let d(t) = -7*t - 31. Let f be d(9). Let u = f - -371. What is the tens digit of u?
7
Let a(l) = 2*l**2 - 8*l + 3. Suppose -4*j - 2*j + 36 = 0. What is the units digit of a(j)?
7
Let z = 1 + 5. Suppose 4*y = z*y - 5*d + 9, 0 = y - d + 12. Let u = y + 34. What is the units digit of u?
7
Let a = 48 + 137. What is the units digit of a?
5
Let n be (-135)/12 - (-1)/4. Let f(a) be the second derivative of -a**3/2 - 7*a**2 + 4*a. What is the units digit of f(n)?
9
Let w(p) = 5*p**2 + 78. Let s(z) = -2*z**2 - z. Let h be s(0). What is the tens digit of w(h)?
7
Suppose -5*a - 679 = -12*a. Let j = -38 + a. What is the tens digit of j?
5
Suppose 3*b - 2*o = 19, 5*b - 5*o - 31 - 4 = 0. Suppose 0 = -b*l - 0*l + 15. Let y(q) = q**2 + 3*q + 3. What is the units digit of y(l)?
1
Suppose 4*l = 2*l. Suppose 243 = 3*k - l*k. Let r = k + -39. What is the units digit of r?
2
Suppose v = -0*v + 80. Suppose 301 = 5*p - 4*k, -v - 201 = -5*p - k. What is the tens digit of p?
5
Suppose b - j + 0*j - 949 = 0, -12 = -4*j. What is the hundreds digit of b?
9
Let f = 52 + -14. Suppose -j - 2*a = -67, 86 + f = 2*j - a. Suppose 73 = 4*x - j. What is the tens digit of x?
3
Let w = 14 + -10. Suppose 2*h - 6*d - 110 = -d, -2*h = -w*d - 114. What is the tens digit of h?
6
Suppose 30 + 5 = 5*v + 4*q, -v + 5*q - 22 = 0. Suppose 2*w - v*j = -2*j - 22, -18 = w - 4*j. What is the units digit of ((-8)/w)/((-4)/(-190))?
8
Let x(m) = -m**3 + m**2 + 39*m - 33. What is the tens digit of x(-14)?
6
Suppose 0 = 2*d - 23 + 17. Suppose -g + 56 = d*g. What is the units digit of g?
4
Let v(m) = -53*m - 30. What is the tens digit of v(-2)?
7
Let z(g) be the third derivative of -g**4/12 - 5*g**3/6 + 5*g**2. Let d be z(-4). Suppose -4*p = -d*p - 8. What is the units digit of p?
8
What is the tens digit of (655 - -5) + (0 - -7)?
6
Let b = 24 + -35. Let f be 3/(-6)*(5 + b). Suppose -5*p + 125 = f*c, 0*p = -4*p + 5*c + 137. What is the tens digit of p?
2
Let q = -24 + 190. Let m = q - 96. What is the tens digit of m?
7
Suppose -4*o + 1808 = 3*m, 4 = -13*m + 12*m. What is the units digit of o?
5
Let d = -685 - -1129. What is the units digit of d?
4
What is the hundreds digit of 20/(-24) - (-1463)/6?
2
Let a = -465 - -1302. What is the tens digit of a?
3
Let a = 320 + 834. What is the thousands digit of a?
1
Let s be (-2)/(-7) - (-46)/(-14). Let l(h) = 10*h**2 + 2*h - 3. What is the tens digit of l(s)?
8
Let d(o) = -o**2 + 11*o + 1. Suppose 0 = 2*f + 124 - 406. Let q be 6/(-15) - f/(-15). What is the units digit of d(q)?
9
Suppose -7*w + 14*w = -161. Let t = 165 - w. What is the hundreds digit of t?
1
What is the hundreds digit of (-57)/(-6 + (-77)/(-14))?
1
Suppose -5*o = -0 + 10, 4*o + 257 = -3*q. Suppose 0 = 3*x + 11*x - 1652. Let w = x + q. What is the units digit of w?
5
Let h = -42 - -43. Let v(b) = 188*b**3 + b**2 - b + 1. What is the units digit of v(h)?
9
Let b = 683 - -377. What is the tens digit of b?
6
Let z = 28 + -26. Suppose z*f = f + 36. What is the tens digit of f?
3
Let o(t) = -t - 17*t - 1 - 13*t. What is the tens digit of o(-2)?
6
Suppose 3*j = -3*b - 552, -2*j - 7*b + 3*b = 364. Let t = j + 322. Suppose -3*n + t = 7. What is the tens digit of n?
4
Let w(n) = 12 + 4*n**2 - n**2 + 7*n - 5. What is the units digit of w(-4)?
7
Suppose 4*x = 43 - 23. Suppose x*b = 6*b - 139. What is the units digit of b?
9
Let a = -45 + 30. Let i be (20/a)/((-4)/6). Suppose -3*d - 40 = -i*r + d, 0 = -5*r + 4*d + 70. What is the units digit of r?
0
Let y(f) = f - 1. Let h(k) = -k**2 + 10*k - 9. Suppose 0 = 4*n - 0 - 4. Let o(w) = n*h(w) - 3*y(w). What is the units digit of o(4)?
6
Let d(v) = -9*v**2 - 3 + 27*v + 4 - 18*v + 3 + v**3. Suppose 1 = -2*w - 3, 42 = 5*f - w. What is the tens digit of d(f)?
1
Let w be 7*(38/(-14) + 3). Let g be (-3)/(-6)*w*4. Suppose 159 + 42 = 5*k - g*n, 0 = -4*k + 2*n + 156. What is the units digit of k?
7
Let n(o) = 7*o + 118. What is the tens digit of n(-5)?
8
Let c(z) = 3*z**2 - 13*z - 13. What is the hundreds digit of c(10)?
1
Let n(f) = f**3 + f**2. Let c be n(1). Suppose b - 5*x = -20, c*b - 4*x + 12 = -4. Suppose y + 2 = 0, 5*l - l - 4*y - 12 = b. What is the units digit of l?
1
Let f = 7 + -16. What is the units digit of (1/4)/(f/(-252))?
7
Suppose -2*i - 5*p + 292 = -8*p, p - 2 = 0. What is the hundreds digit of i?
1
Let j(f) be the first derivative of 11*f**2/2 - 26*f + 10. What is the tens digit of j(12)?
0
Let v(l) = l**2 + 9*l - 14. Let y be v(-10). What is the tens digit of (-5)/(-20) + (-535)/y?
3
Suppose 818 = 5*u + 2*o, -2*o = 2*u - 180 - 146. What is the units digit of u?
4
Let u(h) = -h**3 + 2. Let s be u(0). What is the tens digit of (84 - 6)*s/6?
2
Let i = 249 + -143. Let l = i + -30. What is the units digit of l?
6
Suppose -l = -m - 2*m + 5, 0 = -4*l - 4*m - 68. Let q(o) = -14*o**2 - 69*o + 7. Let d be q(-5). What is the tens digit of l/d - -3 - -33?
2
Let v = 157 + -93. What is the tens digit of v?
6
Suppose -3*x + a + 11 = 2*a, -4*x = 2*a - 18. Suppose 0 = -x*s + 5 + 5. Suppose -4*m + s*y + 51 = 0, 0 = 4*y + y - 25. What is the tens digit of m?
1
Let v(z) = 9*z**2 - 1. Suppose -2*d + 4*d - 4 = -2*w, -5*d = 3*w + 4. Suppose -2*x + w*x + 10 = -5*y, 3 = -4*x + y. What is the units digit of v(x)?
8
Suppose -91*x = -83*x - 22688. What is the tens digit of x?
3
Suppose -4*i - 36 = -4*l, 5*l + 4*i = 4*l + 34. Suppose l = 4*o + 2. Suppose u = -2*p + o*u + 14, -2*p - 3*u + 24 = 0. What is the units digit of p?
9
What is the tens digit of (-12411)/(-8) - 75/200?
5
Let r = 17 + 150. What is the hundreds digit of r?
1
Let x(s) = 7*s**2 - 18*s + 7. Let p(g) = 13*g**2 - 36*g + 13. Let t(r) = 6*p(r) - 11*x(r). What is the units digit of t(21)?
4
Suppose 0 = 2*c - 0*c, -5*k = -4*c - 21750. Wh